92*g - 4483*g + 1495*g + 5 + 0. Let f = 1 + -3. Determine q(f).
-5
Let c(d) be the third derivative of -d**6/120 + d**5/30 + 3*d**4/8 - 4*d**3/3 + 12132*d**2. Determine c(4).
-4
Let r(x) = 5*x - 6. Suppose 0 = -3*b, 4*s - 15*b + 19*b = 24. Determine r(s).
24
Let b be (66/(-18))/(2/6). Let o = 10 + b. Let x(a) be the second derivative of 3*a**5/20 + a**4/12 - a**3/6 - a**2/2 - 10*a + 5. Give x(o).
-2
Let q(n) = -n**3 + 3*n**2 + 4*n + 2. Let k(d) = -d + 87. Let c be k(47). Suppose -2*w + c = 8*w. Calculate q(w).
2
Let h(q) = -5*q + 42. Let t be h(8). Let f(m) = -9*m**2 + 37*m**2 - 21*m**t + m - m**3 - 6. What is f(7)?
1
Let x be (1/8)/((-333)/(-666)). Let p(u) be the first derivative of 0*u**2 - 1/3*u**3 + 10 - x*u**4 + 2*u. Determine p(0).
2
Let t(x) = -x - 7. Let g be (5/15)/((-4)/(-12)) - -503. Suppose 7*k = g - 112. Let a = -56 + k. What is t(a)?
-7
Let k(s) = 0 - s**2 - 1 + 3 - 11 + 11*s - 8. Determine k(11).
-17
Let m(j) be the second derivative of j**4/12 + 3*j**3 + 79*j**2/2 - 2413*j. Give m(-10).
-1
Let p(w) = -w**2 + 41 - 2*w - 5*w**2 - 89 + 42 + 4*w**2. Determine p(-2).
-10
Let t be ((-2)/4 + 1)*-30. Let b = 404 + -412. Let w be (-2 + 44/b)*12/t. Let c(d) = -d + 12. What is c(w)?
6
Let c(x) = 54 + x**2 + 116*x - 28*x - 35*x - 39*x - 28*x. Calculate c(8).
6
Let h be (70/(-6))/((-32)/96). Let r(w) = -w**2 + 33*w + 73. What is r(h)?
3
Suppose -4*c = -2*a - 12, -5*a - 29 = c + 1. Let n(f) = f**2 + 3*f - 13. Determine n(a).
5
Let s(l) = -l**3 + 14*l**2 - 3*l + 5. Let y = -2372 + 2386. Determine s(y).
-37
Let l(s) = s**3 + 7*s**2 + 6*s + 5. Suppose -8*f - 643 = -603. What is l(f)?
25
Let g(y) = y**3 + 5*y**2 - 8*y - 6. Let a be 24/4 + -18 - (-4 + -2). Calculate g(a).
6
Let k(v) = -2*v + 6. Let d(x) = 2*x - 5. Let p(l) = 7*d(l) + 6*k(l). Let y = -11 - 88. Let j = y - -96. Determine p(j).
-5
Suppose 4*r + 4*a = -12, 2*r + 10 = 2*a + 4. Let v be -19*r/9 + (-12)/(-18). Let k(b) = -b**2 + 9*b - 7. Give k(v).
7
Let f(s) = -15*s - 42. Let x(k) = -31*k - 63. Let i(g) = 8*f(g) - 5*x(g). Determine i(1).
14
Let j be (3/(-3))/(((-72)/(-152))/9). Let r(s) be the second derivative of -s**4/12 - 10*s**3/3 - 11*s**2/2 - s + 3. What is r(j)?
8
Let t = -280 - -282. Let j(y) = y**t - 1 - 16*y**2 + 4*y**3 + 2*y + 14*y**2. What is j(1)?
4
Let d(u) = u**3 + 10*u**2 + 14*u + 9. Let r be d(-7). Suppose -8*a - 62 = r. Let m(q) = q + 9. What is m(a)?
-6
Suppose -3*w + 2*w = 3. Let c(a) be the third derivative of -a**5/10 - 5*a**4/24 - 2*a**3/3 - 35*a**2 + a + 88. Determine c(w).
-43
Let h(r) = -r**3 - 5*r**2 + 7*r + 2. Let k(o) = 4419 + 2*o**3 - 3*o**3 + 13*o**2 - 4425. Let a be k(13). What is h(a)?
-4
Suppose -217 = -85*m + 123. Let l(r) = 1 - 5*r - 3 + 6*r. What is l(m)?
2
Suppose 2*k = 2*i - 48, 4*i - 9*k = -12*k + 75. Let c(s) = -s**3 + 19*s**2 + 44*s - 32. Calculate c(i).
10
Let w(c) = -c**3 - c**2 + 7*c - 5. Let r(p) = -17*p - 68. Let q be r(-5). Let h(j) = -3*j**3 - 2*j**2 + 21*j - 15. Let b(y) = q*w(y) - 6*h(y). What is b(6)?
-1
Let i(f) be the third derivative of -1/6*f**5 - 145*f**2 + 0*f + 1/120*f**6 + 3/8*f**4 - 5/6*f**3 + 0. Calculate i(9).
-5
Let o be 1/(12/8)*-3. Let r(n) = n**2. Let s(a) = 5*a**2 + 3*a + 2. Let x(h) = 3*r(h) - s(h). What is x(o)?
-4
Let m(u) = 195*u + 200*u + 207*u - 57 - 613*u. Give m(-5).
-2
Let b(j) = 2*j**3 - 10*j**2 - 15*j + 17. Let f(i) = 114*i - 1248. Let z be f(11). Calculate b(z).
-1
Suppose -4 - 8 = -3*z. Suppose 0*j = 5*s + z*j - 13, 2*j - 7 = -3*s. Let y(m) = -m + 8 + s - 4 + 2. Give y(-5).
12
Suppose 0 = -228*g + 226*g + 6. Let l(p) = g*p**2 + 0*p**2 - 4*p**2 + p**2 - 2 + p**2 + p. Let a = 5 + -2. Give l(a).
10
Let u(m) = 5*m - 7. Let q be (-114 - -114) + (6/(-7))/(3/21). Determine u(q).
-37
Let g(h) = 13 - 1960180*h + 1960181*h + 7. What is g(-22)?
-2
Let p(x) = 2*x**2 - 2*x - 3. Let v(j) = -2*j - 4. Let t(s) = 8*s + 17. Let n(c) = 2*t(c) + 9*v(c). Let w(g) = n(g) - p(g). Let y be 3 + (-2)/(2/2). Give w(y).
-1
Let b(h) = -20*h + 5. Let x(m) = 144*m - 32. Let k(d) = -22*b(d) - 3*x(d). Determine k(2).
2
Let h(f) be the first derivative of f**5/20 - f**4/4 + f**3/3 + 2*f**2 + 20*f + 32. Let u(z) be the first derivative of h(z). Calculate u(3).
10
Let x(k) = 13*k**2 - 2*k + 13. Let a(s) = -s - 144 + 0*s**2 + 4*s**2 + 148. Let d(p) = 7*a(p) - 2*x(p). Let l be (-1 - 2/(-4))*-4. Determine d(l).
4
Let o(y) be the third derivative of y**6/120 + 13*y**5/60 + y**4/2 + 7*y**3/3 - 373*y**2 + 3. Give o(-12).
14
Let f(h) = h**3 - 7*h**2 - 8*h + 11. Let m(j) = 9*j**3 + 3*j**2 - 3*j + 2. Let y be m(2). Suppose 86*b - 48 = y*b. Give f(b).
11
Let l(m) = -m**3 + 17*m**2 + 20*m - 40. Suppose -3312 = -162*z - 22*z. Give l(z).
-4
Let c(m) = -16*m - 2. Suppose 3*r = -2*a - 5, 4 = -63*a + 64*a - 5*r. Calculate c(a).
14
Let o(x) = -x + 8. Suppose -k = -5*d - 321, 2*k = 4*d + 115 + 143. Let a = -58 - d. Calculate o(a).
2
Let i(d) be the first derivative of 128*d**3 + 91 - d**2 - 18 - 74*d**3 + 2*d - 66*d**3 - d. What is i(1)?
-37
Let x(y) = -6*y**2 + 55 - 51 - 2*y - 2*y**3 + 6*y - 12*y. Calculate x(-3).
28
Let u(d) be the second derivative of -d**5/20 - 19*d**4/12 + 5*d**3/2 - 54*d**2 - 116*d - 2. Calculate u(-20).
-8
Suppose -b = b - 4. Suppose 0*w = -b*w - 8. Let h(a) = 435*a + 3*a**2 + 464*a + a**3 + 2 - 902*a. Determine h(w).
-2
Let b(s) = 2*s**2 + 2*s - 8. Let f be b(2). Suppose -6*j = f*j + 150. Let m be (-80)/j - 1/3. Let x(l) = l - 6. Give x(m).
-1
Let d = -812 + 813. Let p(a) = -a**3 - 5*a - 2. Let k(u) = -u**3 - 2*u - 1. Let h(c) = 9*k(c) - 4*p(c). Determine h(d).
-4
Suppose 0 = 97*x - 103*x + 2118. Suppose -27*d - 110 + x = 0. Let y(w) = 2*w - 13. Determine y(d).
5
Let x(j) = -3*j**2 - 2*j + 3. Let r = 36 - 35. Let i be 1 - (-1 - 0) - -2. Let h(z) = z**2 - z + 1. Let q(n) = i*h(n) + r*x(n). Calculate q(5).
2
Let m(w) = -3*w**2 + 3*w - 9. Let a be (147/441)/(2/18). Give m(a).
-27
Let w(k) be the third derivative of -5*k**4/24 + k**3/2 - k**2. Let v be w(2). Let p(h) = -225 + 400 - h + 47 - 228. What is p(v)?
1
Let u be 48/32*3/(9/4). Suppose -4*p = -0*a + a - 37, u*p = 5*a + 13. Suppose -2*o = -p*o. Let y(x) = -x + 15. What is y(o)?
15
Let z(p) be the second derivative of -p**4/12 + 5*p**3/3 + 9*p**2/2 + 988*p. Determine z(12).
-15
Suppose 0*z - 9 = l - z, 0 = 4*l + 5*z - 9. Let a(r) be the third derivative of -r**6/120 - r**5/60 + r**4/4 + 2*r**3/3 - 1708*r**2. Calculate a(l).
28
Let a(r) = 59 + 60 - 5*r + r**2 + 14*r - 114. Calculate a(-9).
5
Let a(s) = -s**3 + 24*s**2 - 26*s + 84. Let y be a(23). Let q be y/(-2)*56/(-70) + 1. Let b(k) = k**3 - 6*k**2 - 10*k + 8. Determine b(q).
-13
Let l = -54 + 59. Suppose -25 + 180 = l*y. Suppose -26*d = -y*d. Let h(j) = -j**2 - 1. Determine h(d).
-1
Let v = 16886/9 + -16874/9. Let a(i) be the second derivative of -v*i**3 + 1/20*i**5 + 8*i + 0 - 3/4*i**4 - 11/2*i**2. Give a(10).
9
Let o(a) = -a**2 + a + 4. Suppose 6 = -3*w, -5*m + w = -27 - 295. Let l be 0/(3 - m/8). Calculate o(l).
4
Let w(d) = d + 38. Let h be w(-47). Let l(q) = q**3 + 6*q**2 - 30*q - 24. What is l(h)?
3
Let h = 63 - 55. Suppose -5*d - 3*r + 2 = 38, h = -d - r. Let y(k) = -3*k - 7. What is y(d)?
11
Let d(r) = 4*r**2 + 11*r + 6. Let s(f) = -14*f**2 - 42*f - 24. Let x(j) = 11*d(j) + 3*s(j). What is x(-1)?
1
Let d(z) = -2*z**3 + 3*z**2 - 13*z + 91. Let l(m) = 3*m**3 - 5*m**2 + 22*m - 181. Let n(i) = -5*d(i) - 3*l(i). Calculate n(0).
88
Let a(l) = 3*l + 7. Let j = 120 + -56. Let g = -34 + j. Let z = 24 - g. Determine a(z).
-11
Let d(x) = 8*x**3 + 2*x**2 + x. Let p be d(-1). Let z be p/(21/36)*1/(-3). Let m(h) = -h**3 + 7*h**2 - 4*h - 5. What is m(z)?
27
Let v(n) = -4*n + 9. Suppose 1 = -4*w - 2*p - 3*p, -4*w + 5*p + 9 = 0. Let j be 686/168 - w/12. Determine v(j).
-7
Let l(a) be the second derivative of 0 + 4*a**2 + 48*a + 1/6*a**3. Suppose -27 = -4*c - 3. Determine l(c).
14
Let z(d) = d**3 - 21*d**2 - 26*d + 57. Suppose -1364 = -3896*c + 3834*c. Determine z(c).
-31
Let h(b) = b**3 - 9*b**2 + 9*b + 39. Let o be h(7). Let y(n) = 2*n**2 - 8*n - 2. Give y(o).
-2
Let w(t) be the second derivative of t**3/6 - 4*t**2 + 3*t. Let k be w(9). Let i(f) be the first derivative of 3*f**4/2 - f**3/3 + 258. Determine i(k).
5
Let i(z) = 124*z - 148*z + 26 + 38*z**2 - 37*z**2. What is i(23)?
3
Let p(f) = -4*f + 13. Suppose 15*w - 19*w = 15*w - 76